 + 142. Let u = g - l. What are the prime factors of u?
2, 17
Suppose 5910*v - 5892*v - 252990 = 0. What are the prime factors of v?
3, 5, 937
Let j(a) = 9*a**2 - 50*a - 56. List the prime factors of j(23).
3, 5, 79
Let w(m) = m**3 - 5*m**2 - 5*m + 6. Suppose l + 17 = 3*j, 5*j - 31 = 4*l - 5. Let i be w(j). List the prime factors of (9/i - 867/36)*-3.
2, 5, 7
Let z = 83 - 79. Suppose -4*w + z*j + 158 = -330, -484 = -4*w + 3*j. Let y = w - 81. List the prime factors of y.
37
Let m(g) = 27*g**2 + 0*g - 2*g**3 + 33 + g**3 + 17*g - 8*g**2. List the prime factors of m(19).
2, 89
Suppose -18 - 27 = -15*b. Suppose -4*q + 2267 = 4*z + 387, 2*z = -b*q + 1414. What are the prime factors of q?
2, 3, 79
Let x = -1279 - -3545. What are the prime factors of x?
2, 11, 103
Suppose 7*u - 3948 = -819. Suppose 166*h = 165*h + u. What are the prime factors of h?
3, 149
Suppose -12*p + 3*o + 72544 = -11*p, -72616 = -p - 5*o. What are the prime factors of p?
31, 2341
Let f(n) = -2*n**2 - 27*n - 42. Let i be f(-12). What are the prime factors of i/21*2 + 31190/70?
5, 89
Let a(n) = 95*n**2 - 72*n + 760. What are the prime factors of a(10)?
2, 3, 5, 53
Let x = -71469 - -100594. List the prime factors of x.
5, 233
Suppose w - 2 = -5. Let k(q) = 2*q**2 + 5*q + 7. Let u be k(w). Suppose u*s = 383 - 93. What are the prime factors of s?
29
Suppose -142 = -5*j + 273. Suppose -j = -10*h + 537. Suppose -3*t - h = -185. List the prime factors of t.
41
What are the prime factors of ((-18)/(-21) + 3090/(-28))*-46?
3, 23, 73
Let a(g) = -4*g**3 - 5*g**2 + 4*g - 8. Let w(v) = -3*v**3 - 4*v**2 + 5*v - 9. Let l = -47 + 45. Let y(f) = l*a(f) + 3*w(f). What are the prime factors of y(-7)?
5, 37
Let v = -117 + 170. Let l = 53 - v. Suppose -2*d = 2*w + 3*d - 155, -3*w + d + 275 = l. What are the prime factors of w?
2, 3, 5
Suppose 10*z - 17 = 9*z. Let r = 482 + z. List the prime factors of r.
499
Let p be 13*((-33)/9 + 4/6). Let j = p - -43. Suppose i - 3*o = -j*o + 100, -3*i - 5*o = -306. What are the prime factors of i?
97
Suppose 0 = 6*n - 36 - 18. Suppose -12*o = -n*o - 1860. What are the prime factors of o?
2, 5, 31
Suppose -b - 102 = 2*q, 0*b + 4*q - 384 = 4*b. Let k = b + 104. Suppose 169 = -5*a + k*a. List the prime factors of a.
13
Suppose 5*r - 330 = -5*j, 5*r + 2*j = 6*r - 60. Suppose 35 = 5*y - 5. Suppose y*n - r = 6*n. What are the prime factors of n?
2
Let f = -2437 - -39799. List the prime factors of f.
2, 3, 13, 479
Let z(y) = -81*y + 1 - 63*y + 140*y - y**3 - 5*y**2. Let x(u) = -u**3 - 4*u**2 - u + 1. Let i be x(-3). List the prime factors of z(i).
3, 7
Let v(w) = -w**3 - 12*w**2 + 14. Let b be v(-12). Suppose 0*i - 4 = -2*i, i = -n - b. Let r = n + 33. What are the prime factors of r?
17
Suppose -5*a + 4 = m, 4*m - 2 + 1 = -5*a. List the prime factors of 940/a*(2 - (-28)/(-16)).
5, 47
List the prime factors of (765/(-850) - (-4)/10) + 49965/6.
11, 757
Let p = 4340 + -190. What are the prime factors of p?
2, 5, 83
Let t = 17335 + -5695. What are the prime factors of t?
2, 3, 5, 97
Let x be 5829/15 - 3 - (-12)/30. Suppose 3*u - 940 = x. List the prime factors of u.
2, 13, 17
Let b be (-14)/(-21) - 117430/(-30). Suppose b = 13*l - 10*l. What are the prime factors of l?
3, 5, 29
Let v = 540 + -527. Suppose 0 = -5*s - m + 6359, 2*m = -v + 11. What are the prime factors of s?
2, 3, 53
Let k = 999 + -529. Let h = k - 130. Suppose -7*g - 3*g = -h. What are the prime factors of g?
2, 17
Let t = 4 + 1. Suppose 13*z - 876 = 7*z. Suppose t*r - 3*r = z. List the prime factors of r.
73
Suppose 176*k = 168*k + 37928. Suppose 0 = -5*p - 2*f + k, -4*p + 5*f + 1452 = -2321. List the prime factors of p.
947
Let c = 87 - 81. Suppose -y = -c*y + 3245. Suppose 0 = s + 4*h - 201, -4*s - 5*h + 155 = -y. List the prime factors of s.
3, 67
Let d = 128 + -124. Suppose -4*r + 3496 = -4*u, -6*r - d*u + 3480 = -2*r. What are the prime factors of r?
2, 109
Let i = -18492 + 22764. What are the prime factors of i?
2, 3, 89
Let x(q) = -66*q - 141. Let n(b) = 44*b + 94. Let i(h) = 8*n(h) + 5*x(h). List the prime factors of i(17).
421
Let p(f) = 42*f**3 - 5*f**2 + f + 3. Let q be p(2). Suppose 3*o - 309 = -3*s, 2*s - q = -4*o + 95. List the prime factors of o.
3, 5, 7
Suppose -5*x - 4*d - 6194 + 2334 = 0, -3*x - 2353 = -5*d. Let p = 276 - x. What are the prime factors of p?
2, 263
Let q(v) = 68*v**2 - v + 4. Let l be q(3). Let u = l + -92. Suppose 0 = 10*p - 769 - u. What are the prime factors of p?
3, 43
Suppose -11*o + 29 - 7 = 0. Suppose 38*g - 33*g = -a + 1062, o*g - 5425 = -5*a. List the prime factors of a.
1087
Let s(a) = 53*a + 2. Let q be s(-2). Suppose 51*l - 14*l = 1147. Let f = l - q. What are the prime factors of f?
3, 5
Let u = 76 + -29. Suppose 0 = -h + 3*i + u, 0 = -i - 4. List the prime factors of h.
5, 7
Let q(i) = i**3 + 27*i**2 + 31*i - 56. Suppose -24*w + 20*w - 100 = 0. What are the prime factors of q(w)?
419
Let k = -9 - 8. Let n = 41 - -8. Let y = k + n. What are the prime factors of y?
2
Let z(r) = 19*r**2 - 11*r + 54. Let j be z(14). What are the prime factors of (4 - 9)*j/(-15)?
2, 151
Let s(k) = -3*k + 24. Let r be s(4). Suppose -8*m + 11*m = r. What are the prime factors of (0 + m/(-6))*(-109 - -7)?
2, 17
Let l(s) = 3*s**2 + 24*s - 37. Suppose 0 = 4*j + 5*u - 0*u + 44, 3*u + 44 = -4*j. List the prime factors of l(j).
2, 31
Suppose 5*i + q = 106949, -i = 3*q - 17723 - 3678. What are the prime factors of i?
73, 293
Suppose -253*w = -257*w + 688. List the prime factors of w/(-43) - (-14)/(-4)*-26.
3, 29
List the prime factors of (-2)/(-4)*48096/2.
2, 3, 167
Let o = 44 - 38. Let h(p) = 2*p + 1 + 0 - p. What are the prime factors of h(o)?
7
Let o = -173 - -173. Suppose f - 478 + 256 = o. List the prime factors of f.
2, 3, 37
Let n be (-1073)/1 - (-3 - -4)*-2. What are the prime factors of 2/(-3)*n/2?
3, 7, 17
Let y(k) = 10*k - 29. Suppose 5*x - 9*x = -92. What are the prime factors of y(x)?
3, 67
Let a(w) = -6*w - 54. Let q be a(-10). List the prime factors of (-3 - (q - 179)) + -1.
13
Let m(b) = -b**2 + 20*b + 18. Suppose -8*c + 2*c - 156 = 0. Let z = -9 - c. What are the prime factors of m(z)?
3, 23
Suppose 0 = -3*s + 2*h + 15, -3*h = -4*s - 4*h + 20. Suppose 4*g + t = 80, -s*t + 77 = 4*g - g. List the prime factors of g.
19
What are the prime factors of 1 + -2 - -7193 - (20 + -11 + -7)?
2, 5, 719
Let d = -32 - -42. Suppose -40 = -p + d. List the prime factors of p.
2, 5
Let b = 247 + -267. Let h(m) = -9*m - 128. What are the prime factors of h(b)?
2, 13
Let h be 536/14 - ((-24)/42)/(-2). Let g(n) = -n**2 + 43*n - 39. What are the prime factors of g(h)?
151
Suppose 249 = -3*a - 3*x, -2*a - 145 = -2*x - 3*x. What are the prime factors of (-2)/a*8 + (-779)/(-5)?
2, 3, 13
Suppose 0*h + 10 = -2*h, -3*r + 20 = -4*h. Let b = r - -99. List the prime factors of b.
3, 11
Let b = 35922 + -17259. What are the prime factors of b?
3, 6221
Let u(y) = -y**2 - 2*y + 24. Let a be u(3). Suppose -a*g + 136 - 37 = 0. Let q(p) = 14*p + 26. List the prime factors of q(g).
2, 3, 5
Suppose 2*r - 1508 = 1612. Suppose t = -5*g + 5*t + r, -5*g + t = -1575. What are the prime factors of g?
2, 79
Let k be 38/8 + (-2)/(-8). Suppose -3*t = 0, -3*u + 2*u - k*t = -16. List the prime factors of (-1)/((u/(-4))/388).
97
Suppose 3*r - 104864 = -b - 4*b, -2*b = 3*r - 41933. List the prime factors of b.
11, 1907
Let a be 0/1 + 2 - 1. Let v be (-6)/15 + a + 24/10. What are the prime factors of (-5 + v)/((-1)/(-9)*-1)?
2, 3
Let o be (30 - 27)*2/2. Suppose o*q - 707 - 1228 = 0. What are the prime factors of q?
3, 5, 43
Let z(k) = 10 + 12 + k**2 + 15*k - 8 - 7*k. Let i be z(-17). Suppose 3*v + 5*n = 175, 4*v + n = v + i. What are the prime factors of v?
5, 11
What are the prime factors of (-20050)/(-8) + ((-630)/(-72) - 8)?
23, 109
Let y be (-3 - -4)/(1/(-226)). Suppose -1755 = 85*r - 80*r. Let u = y - r. List the prime factors of u.
5
Let t be (35 - (-3 - -5)) + 2. Let a = 27 - t. List the prime factors of a/2*10/(-8)*5.
5
Let o(b) = -95*b**3 + 17*b**2 + 38*b - 17. What are the prime factors of o(-6)?
20887
Let o = 5673 + 1569. What are the prime factors of o?
2, 3, 17, 71
Suppose -18*c - 115 = -17*c. What are the prime factors of c/25*1*-85?
17, 23
Let i(r) = -2*r**2 + 8*r - 15. Let j be i(4). Let q be (2110/j)/(56/